ivide 642408?
True
Is 1126346 a multiple of 26?
True
Is 5 a factor of 55466?
False
Does 109 divide 4456266?
False
Does 6 divide 244008?
True
Is 10084581 a multiple of 793?
True
Is 367 a factor of 89548?
True
Is 368 a factor of 1361593?
False
Is 193 a factor of 1257395?
True
Does 100 divide 110780?
False
Does 280 divide 851480?
True
Is 486689 a multiple of 129?
False
Is 13 a factor of 879138?
True
Does 8 divide 541908?
False
Is 98 a factor of 3975029?
False
Is 476434 a multiple of 485?
False
Does 11 divide 2284064?
False
Is 43 a factor of 4816?
True
Does 2429 divide 26360366?
False
Does 83 divide 2151609?
True
Is 167305 a multiple of 23?
False
Is 629 a factor of 5421351?
True
Is 424 a factor of 89240?
False
Is 2 a factor of 205119?
False
Is 1470 a factor of 1574370?
True
Is 554 a factor of 2595655?
False
Does 241 divide 698638?
False
Is 428326 a multiple of 17?
False
Is 696165 a multiple of 15?
True
Does 37 divide 12384057?
False
Is 1809500 a multiple of 110?
True
Does 78 divide 76362?
True
Is 30017 a multiple of 13?
True
Is 398 a factor of 7084400?
True
Does 12 divide 7213392?
True
Does 247 divide 165984?
True
Is 38803 a multiple of 117?
False
Is 604 a factor of 4077158?
False
Does 134 divide 776864?
False
Does 299 divide 7769?
False
Does 23 divide 681835?
True
Does 3 divide 20095?
False
Is 1865396 a multiple of 116?
True
Does 172 divide 20326176?
False
Is 109 a factor of 916355?
False
Does 594 divide 2009502?
True
Is 147897 a multiple of 405?
False
Does 13 divide 2416667?
False
Is 4943895 a multiple of 249?
True
Is 494 a factor of 2080128?
False
Does 6 divide 243235?
False
Is 1357 a factor of 7141523?
False
Does 5 divide 1819058?
False
Is 148 a factor of 1888036?
True
Does 678 divide 6249126?
True
Does 26 divide 160538?
False
Is 549 a factor of 12808695?
False
Does 11 divide 103721?
False
Does 20 divide 124430?
False
Is 245 a factor of 1065505?
True
Does 529 divide 5209063?
True
Is 670740 a multiple of 15?
True
Is 164044 a multiple of 67?
False
Does 69 divide 1398806?
False
Is 1949649 a multiple of 23?
False
Is 123836 a multiple of 657?
False
Is 6713133 a multiple of 154?
False
Is 131 a factor of 90259?
True
Is 22 a factor of 331847?
False
Is 1077 a factor of 830367?
True
Is 811636 a multiple of 7?
True
Is 4 a factor of 291908?
True
Is 191 a factor of 2184658?
True
Does 8 divide 89708?
False
Is 1059 a factor of 16006785?
True
Does 582 divide 511578?
True
Is 6 a factor of 44106?
True
Is 29 a factor of 167429?
False
Is 19700 a multiple of 25?
True
Is 375847 a multiple of 103?
True
Does 36 divide 474263?
False
Is 1136265 a multiple of 509?
False
Is 102 a factor of 4556632?
False
Does 585 divide 1270789?
False
Does 52 divide 28964?
True
Is 257 a factor of 5911?
True
Does 161 divide 5495222?
False
Is 24890 a multiple of 38?
True
Does 36 divide 12333?
False
Is 15 a factor of 5522428?
False
Does 1363 divide 18789161?
False
Does 228 divide 7236124?
False
Is 20169 a multiple of 36?
False
Is 7 a factor of 674622?
False
Does 521 divide 1045126?
True
Is 16 a factor of 363926?
False
Is 5545650 a multiple of 110?
True
Is 352754 a multiple of 38?
True
Is 7191 a multiple of 9?
True
Is 70 a factor of 2336150?
False
Is 458560 a multiple of 20?
True
Does 24 divide 543429?
False
Is 6399448 a multiple of 13?
False
Is 859614 a multiple of 582?
True
Is 108 a factor of 39969?
False
Does 1194 divide 4014569?
False
Does 45 divide 4269240?
True
Does 415 divide 2690030?
True
Is 2550931 a multiple of 38?
False
Is 371 a factor of 39696?
False
Is 53 a factor of 2499963?
False
Does 8 divide 428069?
False
Is 609909 a multiple of 51?
True
Is 113454 a multiple of 6?
True
Is 313084 a multiple of 38?
False
Does 30 divide 297030?
True
Is 7 a factor of 113470?
True
Is 40655 a multiple of 8?
False
Is 1086891 a multiple of 83?
False
Is 182719 a multiple of 227?
False
Is 99619 a multiple of 97?
True
Does 27 divide 799983?
True
Is 88 a factor of 23659570?
False
Does 9 divide 15095?
False
Is 272 a factor of 12000096?
True
Does 644 divide 161644?
True
Is 5 a factor of 17005?
True
Does 7 divide 153320?
False
Does 60 divide 335400?
True
Does 109 divide 214621?
True
Does 57 divide 507186?
True
Is 690391 a multiple of 16?
False
Is 6763728 a multiple of 8?
True
Does 372 divide 1414716?
True
Does 401 divide 2129358?
False
Does 41 divide 3911646?
True
Is 378 a factor of 4999923?
False
Is 20114500 a multiple of 98?
True
Is 87220 a multiple of 178?
True
Is 6 a factor of 193645?
False
Is 1454 a factor of 5400567?
False
Is 1941952 a multiple of 76?
True
Does 4 divide 184764?
True
Is 33 a factor of 87663?
False
Is 7856148 a multiple of 129?
False
Does 18 divide 9263952?
True
Is 188067 a multiple of 33?
True
Is 220 a factor of 109567?
False
Is 19 a factor of 18933540?
False
Does 354 divide 717558?
True
Is 28 a factor of 2302440?
True
Is 14 a factor of 129833?
False
Is 1057827 a multiple of 198?
False
Is 31 a factor of 3019706?
False
Is 1792009 a multiple of 4?
False
Is 7440 a multiple of 80?
True
Does 59 divide 429723?
False
Is 981988 a multiple of 238?
True
Is 248784 a multiple of 4?
True
Does 262 divide 364030?
False
Is 40 a factor of 17154?
False
Is 15 a factor of 2508108?
False
Is 103380 a multiple of 20?
True
Does 134 divide 434696?
True
Does 23 divide 4258289?
True
Does 3 divide 266493?
True
Is 237 a factor of 114712?
False
Does 345 divide 2659454?
False
Is 211 a factor of 2492898?
False
Does 42 divide 135198?
True
Is 69 a factor of 221442?
False
Is 15 a factor of 2740907?
False
Is 1177 a factor of 3345034?
True
Does 421 divide 2045639?
True
Does 78 divide 173568?
False
Is 91542 a multiple of 209?
True
Is 14 a factor of 33824?
True
Does 48 divide 678765?
False
Is 16583068 a multiple of 48?
False
Does 173 divide 67528?
False
Is 590616 a multiple of 234?
True
Is 210210 a multiple of 42?
True
Is 464064 a multiple of 12?
True
Is 123 a factor of 951651?
True
Is 588198 a multiple of 39?
True
Does 351 divide 2934711?
True
Is 22 a factor of 1136146?
True
Does 11 divide 15355?
False
Is 19 a factor of 3626435?
True
Is 213 a factor of 64297?
False
Does 151 divide 274685?
False
Does 91 divide 3606057?
True
Is 3 a factor of 254413?
False
Is 281 a factor of 719228?
False
Is 802192 a multiple of 2?
True
Is 745 a factor of 14422195?
False
Is 528728 a multiple of 86?
True
Does 2404 divide 15250981?
False
Does 7 divide 49588?
True
Is 8392953 a multiple of 656?
False
Is 44 a factor of 120516?
True
Does 257 divide 7825517?
False
Is 688875 a multiple of 167?
True
Is 475488 a multiple of 72?
True
Is 76336 a multiple of 26?
True
Does 235 divide 3974628?
False
Is 64 a factor of 1299200?
True
Does 2 divide 59009?
False
Is 350 a factor of 24500?
True
Is 155015 a multiple of 6?
False
Is 53 a factor of 44997?
True
Is 4 a factor of 108602?
False
Is 22579 a multiple of 3?
False
Is 114 a factor of 95760?
True
Is 19 a factor of 70350?
False
Is 9 a factor of 55224?
True
Does 1156 divide 4226336?
True
Does 191 divide 5542247?
True
Is 795 a factor of 2734005?
True
Does 14 divide 153345?
False
Is 11 a factor of 237347?
True
Is 3 a factor of 19387?
False
Is 77882 a multiple of 4?
False
Is 6 a factor of 2187936?
True
Is 2767274 a multiple of 89?
False
Is 109440 a multiple of 60?
True
Is 19 a factor of 2073400?
False
Does 389 divide 3785359?
True
Is 26125 a multiple of 19?
True
Does 161 divide 222019?
True
Is 40142 a multiple of 322?
False
Is 53382 a multiple of 186?
True
Is 207318 a multiple of 46?
False
Is 338 a factor of 13420966?
True
Does 36 divide 189684?
True
Is 174737 a multiple of 73?
False
Is 12 a factor of 94408?
False
Is 5736085 a multiple of 67?
False
Is 67 a factor of 1655967?
False
Is 6276 a multiple of 12?
True
Does 330 divide 199224?
False
Is 49640 a multiple of 136?
True
Is 2193629 a multiple of 5?
False
Does 131 divide 2405384?
False
Is 166000 a multiple of 8?
True
Is 33664 a multiple of 8?
True
Is 4 a factor of 3528?
True
Is 39 a factor of 185250?
True
Is 4480560 a multiple of 720?
True
Is 317 a factor of 557109?
False
Is 442276 a multiple of 12?
False
Is 2158650 a multiple of 225?
True
Does 43 divide 93009?
True
Does 13 divide 1159977?
True
Does 192 divide 316416?
True
Does 16 divide 10048?
True
Is 106 a factor of 184758?
True
Is 309 a factor of 143685?
True
Is 44 a factor of 4282168?
True
Is 14 a factor o